{"id":279,"date":"2019-01-29T11:21:40","date_gmt":"2019-01-29T10:21:40","guid":{"rendered":"http:\/\/faustball.esv-ro.de\/?page_id=279"},"modified":"2021-04-18T11:31:22","modified_gmt":"2021-04-18T09:31:22","slug":"2019-2","status":"publish","type":"page","link":"https:\/\/faustball.esv-ro.de\/?page_id=279","title":{"rendered":"2019"},"content":{"rendered":"<p>\n<!--StartFragment--><\/p>\n\n\n<p>Die Ergebnisse der Freiluftsaison &#8222;Feld 2019&#8220; finden Sie <a href=\"https:\/\/faustball.esv-ro.de\/?page_id=514\">hier <\/a><\/p>\n\n\n\n<p>Im folgenden sind die Erfolge der Hallensaison 2019 beschrieben:<\/p>\n\n\n\n<p><strong>ESV wird deutscher Meister Halle der M\u00e4nner 55 in Diez<\/strong><\/p>\n\n\n\n<p> Das Faustballteam des ESV Rosenheim konnte seinen letztj\u00e4hrigen Titel erfolgreich verteidigen und wurde wieder deutscher Meister in der Altersklasse M\u00e4nner 55+.<\/p>\n\n\n\n<p>Das Auftaktspiel gegen Bayer 04 Leverkusen geriet zu einer Faustball-Lehrstunde f\u00fcr die ESVler. Gegen den starken Gegner hatte das Team keine Chance und verlor mit 11:7 und 11:2.<\/p>\n\n\n\n<p>Das zweite Match verlief besser und gegen die DJK S\u00fcd Berlin gab es einen Zweisatz-Sieg.<\/p>\n\n\n\n<p>Dann hatte die Mannschaft ihren Rhythmus gefunden und vor allem Hauptschl\u00e4ger J\u00f6rg Ramel konnte immer besser punkten. Der TSV Karlsdorf wurde nach dem knappen ersten Satz (13:11) im zweiten Satz mit 11:6 nieder gerungen. Gegen die bis dahin starken Gastgeber aus Wasenbach gab es einen Kantersieg und so beendete der ESV den ersten Turniertag als zweiter seiner Gruppe.<\/p>\n\n\n\n<p>Das Viertelfinale am n\u00e4chsten Morgen gegen TSG Tiefenthal war spannend: Nach dem Gewinn des ersten Satzes kam der gegnerische Schl\u00e4ger besser zum Zug und  Tiefenthal gewann Satz Zwei. Den dritten konnte dann der ESV f\u00fcr sich entscheiden und so ins Halbfinale einziehen.<\/p>\n\n\n\n<p>Dort wartete  mit der Mannschaft des TV Elsava Elsenfeld ein aus vielen Meisterschaften bekannter Gegner. Der Anfang des Spiels verlief sehr gut, Rosenheim konnte 7:5 in F\u00fchrung gehen. Dann kamen pl\u00f6tzlich Eigenfehler ins Spiel und es stand 8:10. Mit einer gro\u00dfen Energieleistung wurde der Satz noch gedreht und endete 12:10 f\u00fcr Rosenheim. Damit war die Gegenwehr von Elsenfeld gebrochen und der zweite Satz wurde souver\u00e4n gewonnen.<\/p>\n\n\n\n<p>Im Endspiel wartete als Gegner Bayer 04 Leverkusen, gegen den der ESV am Vortag noch klar verloren hatte. Diesmal gelang die Revanche und mit einer konzentrierten Leistung wurde das Spiel gewonnen. Nach einer F\u00fchrung von 6:3 im ersten Satz kam Leverkusen auf 8:8 heran, aber der ESV gewann dann doch mit 11:8. Im zweiten Satz baute Rosenheim gut auf und Hauptschl\u00e4ger J\u00f6rg Ramel punktete immer wieder. Mit 11:6 errang der ESV einen 2:0 Sieg und damit die Deutsche Meisterschaft.<\/p>\n\n\n\n<figure class=\"wp-block-image\"><img loading=\"lazy\" decoding=\"async\" width=\"1024\" height=\"768\" src=\"https:\/\/faustball.esv-ro.de\/wp-content\/uploads\/2019\/04\/IMG-20190414-WA0000-1024x768.jpg\" alt=\"\" class=\"wp-image-425\" srcset=\"https:\/\/faustball.esv-ro.de\/wp-content\/uploads\/2019\/04\/IMG-20190414-WA0000-1024x768.jpg 1024w, https:\/\/faustball.esv-ro.de\/wp-content\/uploads\/2019\/04\/IMG-20190414-WA0000-300x225.jpg 300w, https:\/\/faustball.esv-ro.de\/wp-content\/uploads\/2019\/04\/IMG-20190414-WA0000-768x576.jpg 768w, https:\/\/faustball.esv-ro.de\/wp-content\/uploads\/2019\/04\/IMG-20190414-WA0000.jpg 1600w\" sizes=\"auto, (max-width: 1024px) 100vw, 1024px\" \/><figcaption>Siegerfoto DM 55 Halle 2019<\/figcaption><\/figure>\n\n\n\n<p>F\u00fcr den ESV spielten (von links): Lothar Link, G\u00fcnter Hebling, Jochen Fagel, Manfred Jungwirth, Uwe Sch\u00e4fer, Josef Waritschlager und J\u00f6rg Ramel (vorne).<\/p>\n\n\n\n<p>Die kompletten Ergebnisse k\u00f6nnen <a href=\"https:\/\/www.faustball.com\/#\/contest\/1152\/competition\" target=\"_blank\" rel=\"noreferrer noopener\">hier <\/a>abgerufen werden.<\/p>\n\n\n\n<p><strong>ESV gewinnt internationales Hallenturnier in Seekirchen<\/strong><\/p>\n\n\n\n<p>Als Sieger kehrte das Faustballteam des ESV Rosenheim vom internationalen\nHallenturnier des TV Seekirchen (\u00d6sterreich) am 23. M\u00e4rz 2019 in der Altersklasse\nM\u00e4nner 60 zur\u00fcck.<\/p>\n\n\n\n<p>Der Auftakt gegen den FT M\u00fcnchen-Schwabing verlief z\u00e4h. Die Mannschaft des ESV hatte in dieser Zusammensetzung noch nie gespielt und verlor das Match.<\/p>\n\n\n\n<p>Danach fand das Team zu seinem Rhythmus und die Spiele gegen die Turnerschaft M\u00fcnchen 05, TSV Simbach und den Gastgeber TV Seekirchen wurden gewonnen.<\/p>\n\n\n\n<p>So konnte der ESV seinen Turniersieg vom letzten Jahr\nwiederholen.<\/p>\n\n\n\n<p>Der ESV Rosenheim spielte mit (von links):&nbsp; <\/p>\n\n\n\n<p>Erhard Enderle, Heinz Heger, Thomas Bittl, G\u00fcnter Kallupp, Gerhard Steffek<\/p>\n\n\n\n<figure class=\"wp-block-image\"><img loading=\"lazy\" decoding=\"async\" width=\"1024\" height=\"768\" src=\"https:\/\/faustball.esv-ro.de\/wp-content\/uploads\/2019\/03\/20190323_neues-Siegerfoto-Seekirchen-Fr\u00fchjahrsturnier-1024x768.jpg\" alt=\"\" class=\"wp-image-389\"\/><figcaption>Siegerfoto Seekirchen Fr\u00fchjahrsturnier<\/figcaption><\/figure>\n\n\n\n<p><strong>M\u00e4nner 65 sind \u00f6sterreichischer Vize-Meister<\/strong><\/p>\n\n\n\n<p>Bei der Austrian Masters Halle 2019  am 2. + 3. M\u00e4rz  2019 in Salzburg wurde das Team des ESV Rosenheim internationaler \u00f6sterreichischer Vizemeister der Altersklasse M\u00e4nner 65+. <\/p>\n\n\n\n<p>Das Turnier begann mit einem klaren Zweisatzsieg \u00fcber die Mannschaft aus Laakirchen. Im n\u00e4chsten Spiel wartete mit FG Wien ein unbekannter Gegner, auf den sich die Mannschaft des ESV nur langsam einstellen konnte. Der erste Satz ging verloren, im zweiten f\u00fchrte das Team lange Zeit, ehe der Satz und damit das Spiel durch eine zweifelhafte Schiedsrichterentscheidung verloren ging.<br><\/p>\n\n\n\n<p>Das dritte Spiel gegen SPG Wolkersdorf \/ Neustadt wurde klar mit 2:0 S\u00e4tzen gewonnen. Im letzten Match war FSC Abau Urfahr ein unangenehmer Gegner mit einem starken Schlagmann, aber die M\u00e4nner des ESV gewannen durch eine kompakte Mannschaftsleistung den ersten Satz klar und den zweiten knapp. Dies bedeutete in der Endabrechnung den zweiten Tabellenplatz hinter dem Team aus Wien.<\/p>\n\n\n\n<p> F\u00fcr den ESV spielten: Karl Baudrexl,   Klaus Bechtold,  Siegfried Bernt,  Wolfgang Eschner,   Wolfgang Frimberger, Heinz  Heger, Lothar Link.     <\/p>\n\n\n\n<p> Endstand der \u00d6M Austrian Masters M\u00e4nner 65+: &nbsp; <\/p>\n\n\n\n<p>1. Wien <\/p>\n\n\n\n<p>2. Rosenheim <\/p>\n\n\n\n<p>3. Urfahr <\/p>\n\n\n\n<p>4. Neusiedl <\/p>\n\n\n\n<p>5. Laakirchen <\/p>\n\n\n\n<p><br><\/p>\n\n\n\n<p><strong>M\u00e4nner 60 sind deutscher Vize-Meister<\/strong><\/p>\n\n\n\n<p>Bei der Deutschen Hallen-Meisterschaften der M\u00e4nner 60 am 16. + 17. 2. 2019 in S\u00fcdheide wurde das Team des ESV Rosenheim deutscher Vizemeister.<\/p>\n\n\n\n<p>DIe Vorrunde begann mit einem schwachen Spiel gegen Dresden, der ESV erk\u00e4mpfte mit M\u00fche ein Unentschieden. Taktische Umstellungen im zweiten Spiel gegen den Gastgeber Oldendorf brachten die Wende, es gelang ein Zweisatzsieg. Die Freude wurde allerdings durch die Verletzung von Manfred Mifka getr\u00fcbt, f\u00fcr ihn stand im dritten Spiel Wolfgang Eschner in der Abwehr. Gegen die starke Mannschaft aus Ahlhorn reichte es zu einem Unentschieden. Das 11:6 und 11:6 im letzten Spiel gegen Bordelum bedeutete f\u00fcr das Team den Gruppensieg und den direkten Einzug ins Halbfinale am n\u00e4chsten Tag.<\/p>\n\n\n\n<p>Dort wartete wieder Ahlhorn, nach gro\u00dfem Kampf errang der ESV einen Sieg in 3 S\u00e4tzen, die Finalteilnahme war geschafft!  Im Endspiel musste der ESV der Kraftanstrengung des Halbfinales Tribut zollen und unterlag klar in zwei S\u00e4tzen gegen eine starke Mannschaft aus Leverkusen.<\/p>\n\n\n\n<figure class=\"wp-block-image\"><img loading=\"lazy\" decoding=\"async\" width=\"1008\" height=\"630\" src=\"https:\/\/faustball.esv-ro.de\/wp-content\/uploads\/2019\/02\/Vizemeister-DM60-2019-Halle-1.jpg\" alt=\"\" class=\"wp-image-327\" srcset=\"https:\/\/faustball.esv-ro.de\/wp-content\/uploads\/2019\/02\/Vizemeister-DM60-2019-Halle-1.jpg 1008w, https:\/\/faustball.esv-ro.de\/wp-content\/uploads\/2019\/02\/Vizemeister-DM60-2019-Halle-1-300x188.jpg 300w, https:\/\/faustball.esv-ro.de\/wp-content\/uploads\/2019\/02\/Vizemeister-DM60-2019-Halle-1-768x480.jpg 768w\" sizes=\"auto, (max-width: 1008px) 100vw, 1008px\" \/><figcaption>Deutscher Vizemeister M\u00e4nner 60 Halle 2019<\/figcaption><\/figure>\n\n\n\n<p>F\u00fcr den ESV spielten (hinten v.L.): Karl Baudrexl, Josef Waritschlager, Wolfgang Eschner, Lothar Link, Manfred Mifka, Siegfried Bernt, Heinz Heger. Vorne v.L.: G\u00fcnter Hebling, Klaus Bechtold.<\/p>\n\n\n\n<p>Die kompletten Ergebnisse der Meisterschaft sind <a href=\"https:\/\/www.faustball.com\/#\/contest\/1153\/competition\" target=\"_blank\" rel=\"noreferrer noopener\">hier<\/a> verf\u00fcgbar.<a href=\" https:\/\/www.faustball.de\/#\/contest\/1153\/competition\"> <\/a><\/p>\n\n\n\n<p><strong>M\u00e4nner 55 sind S\u00fcddeutscher Meister<\/strong><\/p>\n\n\n\n<p>Bei der S\u00fcddeutschen Hallen-Meisterschaft der M\u00e4nner 55 am 10.2.2019 in Elsenfeld war das Team des ESV Rosenheim (wie die Mannschaft der M\u00e4nner 60  zwei Wochen  vorher) ebenfalls siegreich. <\/p>\n\n\n\n<p>Der Auftakt gegen Elsenfeld verlief optimal. Gegen die Angaben und Angriffe des Rosenheimer Hauptschl\u00e4gers J\u00f6rg Ramel fand der Gegner kein Mittel und es gab ein sicheres 2:0.<\/p>\n\n\n\n<p>Die Mannschaft von Stammheim war deutlich schw\u00e4cher, das Spiel endete ebenfalls mit 2:0.<\/p>\n\n\n\n<p>Das R\u00fcckspiel gegen Elsenfeld verlief spannend: Der erste Satz ging verloren, da der Gegner  sich  mittlerweile auf die Schl\u00e4ge von J\u00f6rg Ramel eingestellt hatte und seinerseits mit sehr guten Angriffen punktete. Im zweiten Satz war es die Rosenheimer Abwehr, die fast alle B\u00e4lle holte und so den Satzausgleich erm\u00f6glichte. Im dritten Satz war die Gegenwehr von Elsenfeld gebrochen und das Spiel wurde 2:1 gewonnen.<\/p>\n\n\n\n<p>Das bedeutungslose letzte Spiel gegen Stammheim hat das Team sicher entschieden, so dass insgesamt 4 Siege bei 4 Spielen erzielt wurden.<\/p>\n\n\n\n<p>Das Endergebnis lautet:<\/p>\n\n\n\n<ol class=\"wp-block-list\"><li>Rosenheim 8:0 Punkte<\/li><li>Elsenfeld 4:4 Punkte<\/li><li>Stammheim 0:8 Punkte<\/li><\/ol>\n\n\n\n<p>F\u00fcr den ESV spielten:  Jochen Fagel, G\u00fcnter Hebling, Manfred Jungwirth, Lothar Link, J\u00f6rg Ramel, Uwe Sch\u00e4fer, Sepp Waritschlager.<\/p>\n\n\n\n<p><strong>M\u00e4nner 60 sind S\u00fcddeutscher Meister<\/strong><\/p>\n\n\n\n<p>Bei der S\u00fcddeutschen Hallen-Meisterschaft der M\u00e4nner 60 am 27.1.2019 in Bietigheim war das Team des ESV Rosenheim siegreich. Gegen die starken Mannschaften aus Dresden, Elsenfeld, Kubsch\u00fctz und Bietigheim gewannen sie alle Spiele und errangen souver\u00e4n die Meisterschaft.<\/p>\n\n\n\n<p>Alle Spielergebnisse und die Abschlusstabelle finden Sie <a href=\"https:\/\/www.faustball.com\/#\/contest\/1380\/competition\" data-type=\"URL\" data-id=\"https:\/\/www.faustball.com\/#\/contest\/1380\/competition\" target=\"_blank\" rel=\"noreferrer noopener\">hier<\/a>.<\/p>\n\n\n\n<p>F\u00fcr den ESV spielten:<\/p>\n\n\n\n<p>Hintere Reihe v.L.: Siegfried Bernt, Karl Baudrexl, Wolfgang Eschner, G\u00fcnter Hebling. Vorne v.L.: Josef Waritschlager, Lothar Link, Manfred Mifka<\/p>\n\n\n\n<figure class=\"wp-block-image\"><img loading=\"lazy\" decoding=\"async\" width=\"1024\" height=\"681\" src=\"https:\/\/faustball.esv-ro.de\/wp-content\/uploads\/2019\/01\/SDM60-1024x681.jpg\" alt=\"\" class=\"wp-image-270\"\/><\/figure>\n\n\n\n<p><strong>ESV gewinnt Trostberger Peter-Pichl Ged\u00e4chtnisturnier<\/strong><\/p>\n\n\n\n<p>Zeitgleich zur M60 Mannschaft in Bietigheim war ein zweites Team des ESV in Trostberg im Einsatz. Beim Peter-Pichl Ged\u00e4chtnisturnier am 27.1.2019 waren acht Mannschaften am Start. Nachdem die Vorrunde souver\u00e4n gewonnen war, wurde es im Halbfinale gegen das junge Team aus Franking sehr spannend. Erst in den letzten Minuten konnte der Sieg eingefahren werden.<\/p>\n\n\n\n<p>Das Finale gegen die Mannschaft aus Braunau war lange Zeit ausgeglichen, ehe sich die Erfahrung der Rosenheimer Mannschaft durchsetzte. Dank des pr\u00e4zisen Zuspiels von Mittelmann Lothar Kiermaier und der wuchtigen Schmetterb\u00e4lle von Angreifer Rudi Blechschmidt war das Ergebnis am Ende eindeutig.<\/p>\n\n\n\n<p>F\u00fcr den ESV spielten: Rudi Blechschmidt, Thomas Bittl, Heinz Heger, Manfred Jungwirth, Lothar Kiermaier, Wolfgang Schittenhelm, Gerhard Steffek<br><\/p>\n\n\n\n<p><\/p>\n\n\n<p><!--EndFragment--><\/p>\n\n\n<p><strong>ESV wird Vizemeister in der Bezirkliga Oberbayern Halle 2018\/19<\/strong><\/p>\n\n\n\n<p>Die Spielberichte finden Sie <a href=\"https:\/\/faustball.esv-ro.de\/?page_id=271\">hier<\/a><\/p>\n\n\n\n<p><\/p>\n","protected":false},"excerpt":{"rendered":"<p>Die Ergebnisse der Freiluftsaison &#8222;Feld 2019&#8220; finden Sie hier Im folgenden sind die Erfolge der Hallensaison 2019 beschrieben: ESV wird deutscher Meister Halle der M\u00e4nner 55 in Diez Das Faustballteam des ESV Rosenheim konnte seinen letztj\u00e4hrigen Titel erfolgreich verteidigen und<\/p>\n","protected":false},"author":1,"featured_media":0,"parent":0,"menu_order":0,"comment_status":"closed","ping_status":"closed","template":"","meta":{"footnotes":""},"class_list":["post-279","page","type-page","status-publish","hentry"],"_links":{"self":[{"href":"https:\/\/faustball.esv-ro.de\/index.php?rest_route=\/wp\/v2\/pages\/279","targetHints":{"allow":["GET"]}}],"collection":[{"href":"https:\/\/faustball.esv-ro.de\/index.php?rest_route=\/wp\/v2\/pages"}],"about":[{"href":"https:\/\/faustball.esv-ro.de\/index.php?rest_route=\/wp\/v2\/types\/page"}],"author":[{"embeddable":true,"href":"https:\/\/faustball.esv-ro.de\/index.php?rest_route=\/wp\/v2\/users\/1"}],"replies":[{"embeddable":true,"href":"https:\/\/faustball.esv-ro.de\/index.php?rest_route=%2Fwp%2Fv2%2Fcomments&post=279"}],"version-history":[{"count":10,"href":"https:\/\/faustball.esv-ro.de\/index.php?rest_route=\/wp\/v2\/pages\/279\/revisions"}],"predecessor-version":[{"id":662,"href":"https:\/\/faustball.esv-ro.de\/index.php?rest_route=\/wp\/v2\/pages\/279\/revisions\/662"}],"wp:attachment":[{"href":"https:\/\/faustball.esv-ro.de\/index.php?rest_route=%2Fwp%2Fv2%2Fmedia&parent=279"}],"curies":[{"name":"wp","href":"https:\/\/api.w.org\/{rel}","templated":true}]}}