{"id":42,"date":"2018-11-03T21:27:09","date_gmt":"2018-11-03T20:27:09","guid":{"rendered":"http:\/\/faustball.esv-ro.de\/?page_id=42"},"modified":"2020-03-13T11:46:29","modified_gmt":"2020-03-13T10:46:29","slug":"kontakt","status":"publish","type":"page","link":"https:\/\/faustball.esv-ro.de\/?page_id=42","title":{"rendered":"Kontakt"},"content":{"rendered":"<h1>Ansprechpartner und Trainingszeiten:<\/h1>\n<p>E-Mail:\u00a0\u00a0\u00a0\u00a0\u00a0\u00a0\u00a0\u00a0\u00a0\u00a0\u00a0\u00a0\u00a0\u00a0\u00a0\u00a0\u00a0\u00a0\u00a0\u00a0\u00a0\u00a0\u00a0\u00a0\u00a0\u00a0\u00a0\u00a0\u00a0\u00a0 faustball@esv-ro.de<\/p>\n<p>1. Abteilungsleiter:\u00a0\u00a0\u00a0 G\u00fcnter Kallupp \u00a0\u00a0\u00a0\u00a0\u00a0\u00a0\u00a0\u00a0\u00a0 \u00a0 Mobil: \u00a0 0173 200 31 69<\/p>\n<p>2. Abteilungsleiter:\u00a0\u00a0\u00a0 Josef Waritschlager\u00a0\u00a0 Mobil :\u00a0\u00a00176 45 82 32 12<\/p>\n<p><strong>Trainingszeiten Feld:<\/strong><\/p>\n<p>Dienstag 18:00 &#8211; 20:00 Uhr\u00a0\u00a0\u00a0\u00a0\u00a0\u00a0\u00a0\u00a0 Sportplatz ESV, <span class=\"LrzXr\">Hochfellnstra\u00dfe 21, 83026 Rosenheim<\/span><\/p>\n<p><strong>Trainingszeiten Halle:<\/strong><\/p>\n<p>Dienstag 18:00 &#8211; 20:00 Uhr\u00a0\u00a0\u00a0\u00a0\u00a0\u00a0\u00a0 Turnhalle Schule F\u00fcrst\u00e4tt,\u00a0 \u00c4u\u00dfere M\u00fcnchener Stra\u00dfe 31, 83026 Rosenheim<\/p>\n<p>Freitag\u00a0\u00a0\u00a0\u00a0 18:15 &#8211; 19:45 Uhr\u00a0\u00a0\u00a0\u00a0\u00a0\u00a0\u00a0\u00a0\u00a0 Luitpoldhalle,\u00a0 Stemplingerstra\u00dfe 3, 83022 Rosenheim<\/p>\n\n\n<p><\/p>\n","protected":false},"excerpt":{"rendered":"<p>Ansprechpartner und Trainingszeiten: E-Mail:\u00a0\u00a0\u00a0\u00a0\u00a0\u00a0\u00a0\u00a0\u00a0\u00a0\u00a0\u00a0\u00a0\u00a0\u00a0\u00a0\u00a0\u00a0\u00a0\u00a0\u00a0\u00a0\u00a0\u00a0\u00a0\u00a0\u00a0\u00a0\u00a0\u00a0 faustball@esv-ro.de 1. Abteilungsleiter:\u00a0\u00a0\u00a0 G\u00fcnter Kallupp \u00a0\u00a0\u00a0\u00a0\u00a0\u00a0\u00a0\u00a0\u00a0 \u00a0 Mobil: \u00a0 0173 200 31 69 2. Abteilungsleiter:\u00a0\u00a0\u00a0 Josef Waritschlager\u00a0\u00a0 Mobil :\u00a0\u00a00176 45 82 32 12 Trainingszeiten Feld: Dienstag 18:00 &#8211; 20:00 Uhr\u00a0\u00a0\u00a0\u00a0\u00a0\u00a0\u00a0\u00a0 Sportplatz ESV, Hochfellnstra\u00dfe 21, 83026 Rosenheim<\/p>\n","protected":false},"author":1,"featured_media":0,"parent":0,"menu_order":0,"comment_status":"closed","ping_status":"closed","template":"","meta":{"footnotes":""},"class_list":["post-42","page","type-page","status-publish","hentry"],"_links":{"self":[{"href":"https:\/\/faustball.esv-ro.de\/index.php?rest_route=\/wp\/v2\/pages\/42","targetHints":{"allow":["GET"]}}],"collection":[{"href":"https:\/\/faustball.esv-ro.de\/index.php?rest_route=\/wp\/v2\/pages"}],"about":[{"href":"https:\/\/faustball.esv-ro.de\/index.php?rest_route=\/wp\/v2\/types\/page"}],"author":[{"embeddable":true,"href":"https:\/\/faustball.esv-ro.de\/index.php?rest_route=\/wp\/v2\/users\/1"}],"replies":[{"embeddable":true,"href":"https:\/\/faustball.esv-ro.de\/index.php?rest_route=%2Fwp%2Fv2%2Fcomments&post=42"}],"version-history":[{"count":11,"href":"https:\/\/faustball.esv-ro.de\/index.php?rest_route=\/wp\/v2\/pages\/42\/revisions"}],"predecessor-version":[{"id":595,"href":"https:\/\/faustball.esv-ro.de\/index.php?rest_route=\/wp\/v2\/pages\/42\/revisions\/595"}],"wp:attachment":[{"href":"https:\/\/faustball.esv-ro.de\/index.php?rest_route=%2Fwp%2Fv2%2Fmedia&parent=42"}],"curies":[{"name":"wp","href":"https:\/\/api.w.org\/{rel}","templated":true}]}}